of 300 and 330.
30
What is the greatest common divisor of 3266 and 713?
23
What is the greatest common divisor of 13 and 1?
1
Calculate the greatest common factor of 4485 and 52.
13
What is the greatest common divisor of 30 and 174?
6
What is the greatest common divisor of 250 and 10?
10
What is the greatest common divisor of 208 and 32?
16
Calculate the greatest common factor of 9716 and 28.
28
Calculate the highest common factor of 15 and 6.
3
What is the highest common divisor of 43 and 688?
43
What is the highest common divisor of 198 and 450?
18
Calculate the highest common divisor of 79 and 869.
79
Calculate the highest common divisor of 810 and 10395.
135
What is the greatest common divisor of 96 and 864?
96
Calculate the highest common factor of 18 and 14598.
18
What is the greatest common factor of 6 and 354?
6
What is the highest common factor of 4484 and 76?
76
Calculate the greatest common divisor of 110 and 640.
10
Calculate the greatest common divisor of 87 and 9.
3
What is the highest common factor of 2730 and 14?
14
What is the highest common factor of 50 and 925?
25
What is the greatest common factor of 87 and 12?
3
What is the highest common divisor of 138 and 621?
69
What is the greatest common factor of 38 and 950?
38
What is the greatest common factor of 18 and 1182?
6
What is the highest common divisor of 42 and 237?
3
Calculate the highest common factor of 32 and 4000.
32
What is the greatest common factor of 4 and 46?
2
What is the greatest common divisor of 53 and 901?
53
What is the greatest common divisor of 2107 and 86?
43
What is the highest common divisor of 14530 and 10?
10
Calculate the highest common factor of 12 and 555.
3
Calculate the highest common factor of 146 and 511.
73
What is the highest common divisor of 18 and 12?
6
Calculate the greatest common divisor of 33 and 418.
11
What is the greatest common divisor of 900 and 72?
36
What is the greatest common factor of 6 and 24240?
6
Calculate the greatest common factor of 110 and 30910.
110
Calculate the highest common divisor of 1 and 433.
1
What is the greatest common divisor of 24 and 6560?
8
What is the highest common divisor of 65 and 15535?
65
What is the highest common factor of 574 and 140?
14
What is the greatest common factor of 2040 and 9435?
255
Calculate the greatest common factor of 141 and 141.
141
What is the highest common divisor of 285 and 795?
15
What is the greatest common factor of 108 and 144?
36
Calculate the highest common divisor of 308 and 469.
7
What is the highest common divisor of 989 and 473?
43
Calculate the highest common factor of 13 and 65.
13
What is the greatest common factor of 117 and 26?
13
Calculate the highest common divisor of 161 and 21.
7
What is the highest common factor of 150 and 400?
50
Calculate the highest common divisor of 90315 and 15.
15
What is the greatest common divisor of 660 and 20?
20
Calculate the greatest common factor of 298 and 87314.
298
Calculate the greatest common divisor of 11 and 10219.
11
Calculate the highest common factor of 208 and 944.
16
Calculate the greatest common factor of 2482 and 219.
73
What is the highest common divisor of 75 and 25050?
75
Calculate the highest common factor of 129 and 9.
3
Calculate the highest common divisor of 352 and 506.
22
What is the highest common factor of 273 and 507?
39
Calculate the greatest common factor of 405 and 675.
135
Calculate the greatest common factor of 104 and 7384.
104
What is the highest common divisor of 5952 and 60?
12
What is the greatest common factor of 98 and 2254?
98
What is the greatest common factor of 405 and 10?
5
Calculate the greatest common factor of 43 and 387.
43
Calculate the greatest common factor of 2914 and 62.
62
Calculate the highest common factor of 465 and 279.
93
What is the greatest common divisor of 7 and 168?
7
Calculate the greatest common divisor of 28 and 196.
28
Calculate the highest common factor of 35905 and 215.
215
What is the greatest common factor of 286 and 66?
22
Calculate the highest common factor of 1048 and 32.
8
Calculate the greatest common divisor of 51585 and 15.
15
Calculate the greatest common factor of 5579 and 7.
7
What is the highest common factor of 3056 and 2483?
191
What is the greatest common factor of 56 and 2835?
7
Calculate the highest common factor of 1902 and 54.
6
What is the greatest common factor of 28 and 49?
7
Calculate the greatest common divisor of 749 and 7.
7
What is the highest common factor of 12187 and 28?
7
Calculate the greatest common divisor of 4 and 164.
4
What is the greatest common divisor of 8 and 74?
2
What is the greatest common divisor of 252 and 224?
28
Calculate the highest common factor of 115 and 2438.
23
What is the greatest common factor of 1254 and 152?
38
Calculate the highest common divisor of 8 and 152.
8
Calculate the highest common factor of 1240 and 80.
40
What is the highest common factor of 126 and 558?
18
Calculate the highest common factor of 196 and 3626.
98
Calculate the highest common factor of 52 and 1300.
52
Calculate the greatest common factor of 2056 and 771.
257
What is the highest common divisor of 60 and 2160?
60
Calculate the greatest common factor of 435 and 522.
87
Calculate the greatest common divisor of 96 and 348.
12
Calculate the greatest common factor of 42 and 448.
14
What is the greatest common divisor of 32 and 176?
16
Calculate the greatest common divisor of 8930 and 38.
38
What is the highest common factor of 168 and 120?
24
What is the highest common divisor of 2 and 18?
2
Calculate the highest common divisor of 481 and 74.
37
Calculate the highest common factor of 616 and 224.
56
What is the greatest common divisor of 144 and 162?
18
Calculate the highest common factor of 34944 and 273.
273
What is the highest common divisor of 1428 and 85?
17
Calculate the greatest common divisor of 118 and 16166.
118
Calculate the highest common factor of 3266 and 284.
142
What is the greatest common factor of 221 and 13?
13
What is the highest common divisor of 498 and 6?
6
Calculate the highest common factor of 984 and 120.
24
What is the highest common factor of 545 and 5?
5
Calculate the greatest common divisor of 49 and 6671.
7
Calculate the highest common factor of 238 and 294.
14
What is the highest common divisor of 348 and 8236?
116
Calculate the greatest common factor of 759 and 198.
33
Calculate the greatest common factor of 90 and 3762.
18
Calculate the highest common factor of 6 and 1374.
6
Calculate the greatest common factor of 2509 and 386.
193
What is the greatest common factor of 369 and 287?
41
What is the highest common divisor of 2040 and 272?
136
What is the greatest common divisor of 180 and 990?
90
What is the greatest common divisor of 6495 and 30?
15
Calculate the greatest common factor of 2270 and 10.
10
What is the highest common factor of 3657 and 69?
69
Calculate the greatest common factor of 4795 and 21.
7
What is the greatest common factor of 12 and 1068?
12
What is the greatest common factor of 72 and 810?
18
Calculate the highest common divisor of 12840 and 120.
120
What is the greatest common divisor of 341 and 649?
11
Calculate the greatest common factor of 2 and 7.
1
What is the highest common factor of 452 and 4294?
226
What is the highest common divisor of 72 and 1368?
72
Calculate the greatest common factor of 80 and 10.
10
Calculate the highest common divisor of 127 and 21209.
127
What is the greatest common divisor of 8 and 5240?
8
Calculate the greatest common factor of 35 and 30695.
35
What is the highest common factor of 95 and 57?
19
What is the greatest common factor of 2595 and 15?
15
Calculate the highest common divisor of 51 and 68.
17
What is the greatest common factor of 143 and 299?
13
Calculate the highest common factor of 472 and 59.
59
Calculate the highest common factor of 24856 and 26.
26
Calculate the highest common factor of 1024 and 656.
16
What is the greatest common divisor of 100 and 40?
20
Calculate the highest common factor of 2299 and 95.
19
What is the highest common divisor of 2 and 62?
2
Calculate the highest common factor of 39 and 9854.
13
What is the highest common factor of 1370 and 50?
10
Calculate the highest common factor of 188 and 1.
1
Calc